{"id":2914,"date":"2017-03-05T23:33:57","date_gmt":"2017-03-05T22:33:57","guid":{"rendered":"http:\/\/www.notredamelacouronne.fr\/news\/?page_id=2914"},"modified":"2023-01-13T15:47:21","modified_gmt":"2023-01-13T14:47:21","slug":"nous-contacter","status":"publish","type":"page","link":"https:\/\/www.notredamelacouronne.fr\/news\/nous-contacter\/","title":{"rendered":"Nous Contacter &#8211; \u00c9cole Priv\u00e9e Notre Dame pr\u00e8s d\u2019Angoul\u00eame (16)"},"content":{"rendered":"<p>Directrice : Mme Sylvie CHAGNAUD<br \/>\nPr\u00e9sidente OGEC : Mme Vanessa PAILLET<br \/>\nPr\u00e9sidente APEL : Mme Ana\u00efs LAGNET<\/p>\n<hr>\n<p>Ecole Notre-Dame<br \/>\nChemin de la Procession<br \/>\n16400 La Couronne<\/p>\n<p>T\u00e9l. 05 45 67 27 47<br \/>\nemail: direction@notredamelacouronne.fr<br \/>\nweb : https:\/\/www.notredamelacouronne.fr\/news\/<\/p>\n<hr>\n","protected":false},"excerpt":{"rendered":"<p>_<\/p>\n","protected":false},"author":1,"featured_media":0,"parent":0,"menu_order":0,"comment_status":"closed","ping_status":"closed","template":"","meta":{"footnotes":""},"class_list":["post-2914","page","type-page","status-publish","hentry"],"_links":{"self":[{"href":"https:\/\/www.notredamelacouronne.fr\/news\/wp-json\/wp\/v2\/pages\/2914","targetHints":{"allow":["GET"]}}],"collection":[{"href":"https:\/\/www.notredamelacouronne.fr\/news\/wp-json\/wp\/v2\/pages"}],"about":[{"href":"https:\/\/www.notredamelacouronne.fr\/news\/wp-json\/wp\/v2\/types\/page"}],"author":[{"embeddable":true,"href":"https:\/\/www.notredamelacouronne.fr\/news\/wp-json\/wp\/v2\/users\/1"}],"replies":[{"embeddable":true,"href":"https:\/\/www.notredamelacouronne.fr\/news\/wp-json\/wp\/v2\/comments?post=2914"}],"version-history":[{"count":0,"href":"https:\/\/www.notredamelacouronne.fr\/news\/wp-json\/wp\/v2\/pages\/2914\/revisions"}],"wp:attachment":[{"href":"https:\/\/www.notredamelacouronne.fr\/news\/wp-json\/wp\/v2\/media?parent=2914"}],"curies":[{"name":"wp","href":"https:\/\/api.w.org\/{rel}","templated":true}]}}

Nous Contacter &#8211; École Privée Notre Dame près d’Angoulême (16)

<p>Directrice : Mme Sylvie CHAGNAUD<br />
Présidente OGEC : Mme Vanessa PAILLET<br />
Présidente APEL : Mme Anaïs LAGNET</p>
<hr>
<p>Ecole Notre-Dame<br />
Chemin de la Procession<br />
16400 La Couronne</p>
<p>Tél. 05 45 67 27 47<br />
email: direction@notredamelacouronne.fr<br />
web : https://www.notredamelacouronne.fr/news/</p>
<hr>
