{"id":2899,"date":"2017-03-05T21:39:55","date_gmt":"2017-03-05T20:39:55","guid":{"rendered":"http:\/\/www.notredamelacouronne.fr\/news\/?page_id=2899"},"modified":"2019-05-16T19:15:45","modified_gmt":"2019-05-16T18:15:45","slug":"classe-cm2","status":"publish","type":"page","link":"https:\/\/www.notredamelacouronne.fr\/news\/classe-cm2\/","title":{"rendered":"Classe CM2"},"content":{"rendered":"<p><img loading=\"lazy\" decoding=\"async\" class=\"alignnone size-large wp-image-4409\" src=\"https:\/\/www.notredamelacouronne.fr\/news\/wp-content\/uploads\/2019\/01\/Classe-CM2-2-300x225.jpg\" alt=\"\" width=\"300\" height=\"225\" srcset=\"https:\/\/www.notredamelacouronne.fr\/news\/wp-content\/uploads\/2019\/01\/Classe-CM2-2-300x225.jpg 300w, https:\/\/www.notredamelacouronne.fr\/news\/wp-content\/uploads\/2019\/01\/Classe-CM2-2.jpg 600w\" sizes=\"auto, (max-width: 300px) 100vw, 300px\" \/>\u00a0<img loading=\"lazy\" decoding=\"async\" class=\"alignnone size-large wp-image-4408\" src=\"https:\/\/www.notredamelacouronne.fr\/news\/wp-content\/uploads\/2019\/01\/Classe-CM2--300x225.jpg\" alt=\"\" width=\"300\" height=\"225\" srcset=\"https:\/\/www.notredamelacouronne.fr\/news\/wp-content\/uploads\/2019\/01\/Classe-CM2--300x225.jpg 300w, https:\/\/www.notredamelacouronne.fr\/news\/wp-content\/uploads\/2019\/01\/Classe-CM2-.jpg 600w\" sizes=\"auto, (max-width: 300px) 100vw, 300px\" \/><\/p>\n<p>Bienvenue en CM2\u00a0!<\/p>\n<p>Notre ma\u00eetresse s\u2019appelle Madame Giroud.<\/p>\n<p>C\u2019est la derni\u00e8re ligne droite avant le coll\u00e8ge.\u00a0 Alors nous\u00a0 devons apprendre \u00e0 \u00eatre le plus autonome possible,\u00a0 organis\u00e9 dans le travail et disciplin\u00e9. Pour cela nous disposons d\u2019un dossier d\u2019autonomie et des fiches de \u00ab\u00a0coin-lecture\u00a0\u00bb que nous devons avancer d\u00e8s que le travail demand\u00e9 est termin\u00e9, des devoirs donn\u00e9s \u00e0 la semaine et d\u2019un permis \u00e0 points pour le comportement.<\/p>\n<p>En fran\u00e7ais, nous progressons avec le livre\u00a0 Les nouveaux outils pour le Fran\u00e7ais. En math\u00e9matiques , nous utilisons le fichier individuel Au rythme des maths et sa version projetable sur le tableau de la classe.<\/p>\n<p>En Anglais, nous retrouvons notre ma\u00eetresse de CM1 deux fois par semaine pendant 45 minutes, tandis que Mme Giroud enseigne la g\u00e9om\u00e9trie et les mesures aux futurs CM2.\u00a0 Ca lui permet de faire connaissance avec ses futurs \u00e9l\u00e8ves. Au cours de l\u2019ann\u00e9e, nous suivons quelques s\u00e9ances d\u2019initiation \u00e0 l\u2019espagnol et \u00e0 l\u2019allemand pour \u00e9clairer le choix d\u2019une \u00e9ventuelle option en sixi\u00e8me.<\/p>\n<p>Le lundi, nous avons sport avec un \u00e9ducateur sportif et nous d\u00e9couvrons le yoga et la relaxation le jeudi ou \u00e0 chaque fois que le besoin se fait sentir\u2026.<\/p>\n<p>Depuis quelques ann\u00e9es, les CM2 sont les parrains et marraines\u00a0 des \u00e9l\u00e8ves de CP\u00a0: nous les aidons \u00e0 la cantine et nous faisons des activit\u00e9s communes\u00a0: activit\u00e9s artistiques, pastorale, jeux de soci\u00e9t\u00e9\u2026<\/p>\n<p>Pour d\u00e9velopper notre capacit\u00e9 de lecture, nous apprenons \u00e0 r\u00e9diger des fiches de lecture avec\u00a0 le r\u00e9sum\u00e9 de l\u2019histoire.<\/p>\n<p>Une fois dans l\u2019ann\u00e9e, par deux, Mme Giroud nous invite \u00e0 faire un expos\u00e9 en lien avec le programme artistique ou historique\u00a0: Picasso, Mozart, \u00a0Martin Luther King, L\u00e9onard de Vinci etc.<\/p>\n<p>Notre ann\u00e9e se termine par notre derni\u00e8re kermesse, toujours tr\u00e8s \u00e9mouvante,\u00a0 pour nous comme pour nos ma\u00eetresses,\u00a0 pour lesquelles nous organisons une surprise. Le plus dur, c\u2019est de garder le secret jusqu\u2019au jour J.\u00a0 Et apr\u00e8s bonjour le coll\u00e8ge\u00a0!!!<\/p>\n","protected":false},"excerpt":{"rendered":"<p>_<\/p>\n","protected":false},"author":1,"featured_media":0,"parent":0,"menu_order":0,"comment_status":"closed","ping_status":"closed","template":"","meta":{"footnotes":""},"class_list":["post-2899","page","type-page","status-publish","hentry"],"_links":{"self":[{"href":"https:\/\/www.notredamelacouronne.fr\/news\/wp-json\/wp\/v2\/pages\/2899","targetHints":{"allow":["GET"]}}],"collection":[{"href":"https:\/\/www.notredamelacouronne.fr\/news\/wp-json\/wp\/v2\/pages"}],"about":[{"href":"https:\/\/www.notredamelacouronne.fr\/news\/wp-json\/wp\/v2\/types\/page"}],"author":[{"embeddable":true,"href":"https:\/\/www.notredamelacouronne.fr\/news\/wp-json\/wp\/v2\/users\/1"}],"replies":[{"embeddable":true,"href":"https:\/\/www.notredamelacouronne.fr\/news\/wp-json\/wp\/v2\/comments?post=2899"}],"version-history":[{"count":0,"href":"https:\/\/www.notredamelacouronne.fr\/news\/wp-json\/wp\/v2\/pages\/2899\/revisions"}],"wp:attachment":[{"href":"https:\/\/www.notredamelacouronne.fr\/news\/wp-json\/wp\/v2\/media?parent=2899"}],"curies":[{"name":"wp","href":"https:\/\/api.w.org\/{rel}","templated":true}]}}

<p><img loading="lazy" decoding="async" class="alignnone size-large wp-image-4409" src="https://www.notredamelacouronne.fr/news/wp-content/uploads/2019/01/Classe-CM2-2-300x225.jpg" alt="" width="300" height="225" srcset="https://www.notredamelacouronne.fr/news/wp-content/uploads/2019/01/Classe-CM2-2-300x225.jpg 300w, https://www.notredamelacouronne.fr/news/wp-content/uploads/2019/01/Classe-CM2-2.jpg 600w" sizes="auto, (max-width: 300px) 100vw, 300px" /> <img loading="lazy" decoding="async" class="alignnone size-large wp-image-4408" src="https://www.notredamelacouronne.fr/news/wp-content/uploads/2019/01/Classe-CM2--300x225.jpg" alt="" width="300" height="225" srcset="https://www.notredamelacouronne.fr/news/wp-content/uploads/2019/01/Classe-CM2--300x225.jpg 300w, https://www.notredamelacouronne.fr/news/wp-content/uploads/2019/01/Classe-CM2-.jpg 600w" sizes="auto, (max-width: 300px) 100vw, 300px" /></p>
<p>Bienvenue en CM2 !</p>
<p>Notre maîtresse s’appelle Madame Giroud.</p>
<p>C’est la dernière ligne droite avant le collège.  Alors nous  devons apprendre à être le plus autonome possible,  organisé dans le travail et discipliné. Pour cela nous disposons d’un dossier d’autonomie et des fiches de « coin-lecture » que nous devons avancer dès que le travail demandé est terminé, des devoirs donnés à la semaine et d’un permis à points pour le comportement.</p>
<p>En français, nous progressons avec le livre  Les nouveaux outils pour le Français. En mathématiques , nous utilisons le fichier individuel Au rythme des maths et sa version projetable sur le tableau de la classe.</p>
<p>En Anglais, nous retrouvons notre maîtresse de CM1 deux fois par semaine pendant 45 minutes, tandis que Mme Giroud enseigne la géométrie et les mesures aux futurs CM2.  Ca lui permet de faire connaissance avec ses futurs élèves. Au cours de l’année, nous suivons quelques séances d’initiation à l’espagnol et à l’allemand pour éclairer le choix d’une éventuelle option en sixième.</p>
<p>Le lundi, nous avons sport avec un éducateur sportif et nous découvrons le yoga et la relaxation le jeudi ou à chaque fois que le besoin se fait sentir….</p>
<p>Depuis quelques années, les CM2 sont les parrains et marraines  des élèves de CP : nous les aidons à la cantine et nous faisons des activités communes : activités artistiques, pastorale, jeux de société…</p>
<p>Pour développer notre capacité de lecture, nous apprenons à rédiger des fiches de lecture avec  le résumé de l’histoire.</p>
<p>Une fois dans l’année, par deux, Mme Giroud nous invite à faire un exposé en lien avec le programme artistique ou historique : Picasso, Mozart,  Martin Luther King, Léonard de Vinci etc.</p>
<p>Notre année se termine par notre dernière kermesse, toujours très émouvante,  pour nous comme pour nos maîtresses,  pour lesquelles nous organisons une surprise. Le plus dur, c’est de garder le secret jusqu’au jour J.  Et après bonjour le collège !!!</p>
