{"id":2896,"date":"2017-03-05T21:38:36","date_gmt":"2017-03-05T20:38:36","guid":{"rendered":"http:\/\/www.notredamelacouronne.fr\/news\/?page_id=2896"},"modified":"2023-06-01T12:50:17","modified_gmt":"2023-06-01T11:50:17","slug":"classe-cm1","status":"publish","type":"page","link":"https:\/\/www.notredamelacouronne.fr\/news\/classe-cm1\/","title":{"rendered":"Classe CM1"},"content":{"rendered":"<p><img loading=\"lazy\" decoding=\"async\" class=\" wp-image-7379 alignright\" src=\"https:\/\/www.notredamelacouronne.fr\/news\/wp-content\/uploads\/2023\/05\/hello.jpg\" alt=\"\" width=\"138\" height=\"125\" \/><\/p>\n<p><span style=\"font-family: Arial, Helvetica, sans-serif;\"><span style=\"color: #008000;\"><strong>D<\/strong><\/span>ans notre classe, la journ\u00e9e commence par un moment d\u2019accueil pendant lequel notre maitresse, Mme Cabirol, nous parle en anglais.<\/span><\/p>\n<p><span style=\"font-family: Arial, Helvetica, sans-serif;\"><span style=\"color: #800080;\"><strong>P<\/strong><\/span>uis arrive l\u2019heure d\u2019un autre rituel : quelques exercices de r\u00e9vision en calcul ou en conjugaison.<\/span><\/p>\n<p><span style=\"font-family: Arial, Helvetica, sans-serif;\"><span style=\"color: #3366ff;\"><strong>C<\/strong><\/span>haque matin, nous travaillons ensuite sur nos cahiers d\u2019essais ou sur nos cahiers du jour. Nous avons aussi un cahier d\u2019orthographe r\u00e9serv\u00e9 aux dict\u00e9es flash et \u00e0 nos autodict\u00e9es. En fran\u00e7ais, nous utilisons le manuel d\u2019entrainement Cl\u00e9o, parall\u00e8lement \u00e0 nos le\u00e7ons num\u00e9riques du Jocastore. En math\u00e9matiques, nous suivons la m\u00e9thode TOTEM qui nous aide \u00e0 maitriser l\u2019ensemble des notions au programme.<\/span><\/p>\n<p><span style=\"font-family: Arial, Helvetica, sans-serif;\"><span style=\"color: #008000;\"><strong><img loading=\"lazy\" decoding=\"async\" class=\" wp-image-7380 alignleft\" src=\"https:\/\/www.notredamelacouronne.fr\/news\/wp-content\/uploads\/2023\/05\/cleo.jpg\" alt=\"\" width=\"185\" height=\"271\" \/><img loading=\"lazy\" decoding=\"async\" class=\" wp-image-7381 alignright\" src=\"https:\/\/www.notredamelacouronne.fr\/news\/wp-content\/uploads\/2023\/05\/mathCM1.jpg\" alt=\"\" width=\"185\" height=\"268\" \/>D<\/strong><\/span>eux fois par semaine, il y a un \u00e9change de service\u00a0: notre future maitresse de CM2 vient dans notre classe nous enseigner la g\u00e9om\u00e9trie et les mesures.<\/span><\/p>\n<p><span style=\"font-family: Arial, Helvetica, sans-serif;\"><span style=\"color: #3366ff;\"><strong>L<\/strong><\/span>\u2019apr\u00e8s-midi, place \u00e0 la lecture, aux ateliers d\u2019\u00e9criture et aux s\u00e9ances d\u2019histoire, g\u00e9ographie, sciences ou encore \u00e0 l\u2019enseignement moral et civique.<\/span><\/p>\n<p><span style=\"font-family: Arial, Helvetica, sans-serif;\"><span style=\"color: #ff6600;\"><strong>A<\/strong><\/span>u milieu de tout cela, maitresse nous propose souvent des moments de pause pendant lesquelles nous pratiquons le yoga. Cela nous permet de dissiper la fatigue, retrouver de l\u2019\u00e9nergie, et cela engendre la motivation\u00a0!<\/span><\/p>\n<p><span style=\"font-family: Arial, Helvetica, sans-serif;\"><span style=\"color: #008000;\"><strong><img loading=\"lazy\" decoding=\"async\" class=\" wp-image-7382 alignright\" src=\"https:\/\/www.notredamelacouronne.fr\/news\/wp-content\/uploads\/2023\/05\/bienEtreCM1.jpg\" alt=\"\" width=\"101\" height=\"130\" \/>P<\/strong><\/span>our notre bien-\u00eatre, nous pratiquons aussi une m\u00e9thode de m\u00e9ditation en mouvement \u00ab\u00a0Silence, on bouge\u00a0!\u00a0\u00bb ainsi que diverses activit\u00e9s physiques comme le basket, le mini-hockey, le football, la course, la zumba\u2026<\/span><\/p>\n<p><span style=\"font-family: Arial, Helvetica, sans-serif;\"><span style=\"color: #800080;\"><strong>P<\/strong><\/span>our apprendre \u00e0 contr\u00f4ler notre concentration en classe, nous participons chaque semaine au programme ATOLE, propos\u00e9 par notre maitre sp\u00e9cialis\u00e9 M. M\u00e9nard.<\/span><\/p>\n<p><span style=\"font-family: Arial, Helvetica, sans-serif;\"><span style=\"color: #993366;\"><strong>Q<\/strong><\/span>uand nous avons termin\u00e9 tout notre travail, nous avons acc\u00e8s \u00e0 des fiches d\u2019autonomie comme des sudokus, des mots m\u00eal\u00e9s, des coloriages cod\u00e9s, des jeux de nombres\u2026 Et nous pouvons lire des livres de notre coin biblioth\u00e8que ou du Rallye-Lecture propos\u00e9.<\/span><\/p>\n<p><span style=\"font-family: Arial, Helvetica, sans-serif;\"><span style=\"color: #3366ff;\"><strong>E<\/strong><\/span>n fin d\u2019ann\u00e9e\u2026 place \u00e0 la d\u00e9tente et \u00e0 la bonne humeur, car nous pr\u00e9parons un spectacle pour notre kermesse, un moment tr\u00e8s attendu\u00a0!<\/span><\/p>\n<p><img loading=\"lazy\" decoding=\"async\" class=\"size-medium wp-image-7383 aligncenter\" src=\"https:\/\/www.notredamelacouronne.fr\/news\/wp-content\/uploads\/2023\/05\/kermesse-300x175.jpg\" alt=\"\" width=\"300\" height=\"175\" srcset=\"https:\/\/www.notredamelacouronne.fr\/news\/wp-content\/uploads\/2023\/05\/kermesse-300x175.jpg 300w, https:\/\/www.notredamelacouronne.fr\/news\/wp-content\/uploads\/2023\/05\/kermesse.jpg 371w\" sizes=\"auto, (max-width: 300px) 100vw, 300px\" \/><\/p>\n<p style=\"text-align: center; font-family: Arial, Helvetica, sans-serif;\"><span style=\"color: #008000;\"><strong>E<\/strong><\/span>t voil\u00e0 notre salle de classe\u00a0:<\/p>\n<div style=\"text-align: center;\">\n<p><img loading=\"lazy\" decoding=\"async\" class=\"alignnone wp-image-4406\" src=\"https:\/\/www.notredamelacouronne.fr\/news\/wp-content\/uploads\/2019\/01\/Classe-CM1-2-300x225.jpg\" alt=\"\" width=\"360\" height=\"270\" srcset=\"https:\/\/www.notredamelacouronne.fr\/news\/wp-content\/uploads\/2019\/01\/Classe-CM1-2-300x225.jpg 300w, https:\/\/www.notredamelacouronne.fr\/news\/wp-content\/uploads\/2019\/01\/Classe-CM1-2.jpg 600w\" sizes=\"auto, (max-width: 360px) 100vw, 360px\" \/><\/p>\n<p><img loading=\"lazy\" decoding=\"async\" class=\"alignnone wp-image-4405\" src=\"https:\/\/www.notredamelacouronne.fr\/news\/wp-content\/uploads\/2019\/01\/CM1-300x225.jpg\" alt=\"\" width=\"360\" height=\"270\" srcset=\"https:\/\/www.notredamelacouronne.fr\/news\/wp-content\/uploads\/2019\/01\/CM1-300x225.jpg 300w, https:\/\/www.notredamelacouronne.fr\/news\/wp-content\/uploads\/2019\/01\/CM1.jpg 600w\" sizes=\"auto, (max-width: 360px) 100vw, 360px\" \/><\/p>\n<p><img loading=\"lazy\" decoding=\"async\" class=\"alignnone wp-image-4404\" src=\"https:\/\/www.notredamelacouronne.fr\/news\/wp-content\/uploads\/2019\/01\/Classe-CM1-300x225.jpg\" alt=\"\" width=\"360\" height=\"270\" srcset=\"https:\/\/www.notredamelacouronne.fr\/news\/wp-content\/uploads\/2019\/01\/Classe-CM1-300x225.jpg 300w, https:\/\/www.notredamelacouronne.fr\/news\/wp-content\/uploads\/2019\/01\/Classe-CM1.jpg 600w\" sizes=\"auto, (max-width: 360px) 100vw, 360px\" \/><\/p>\n<\/div>\n","protected":false},"excerpt":{"rendered":"<p>_<\/p>\n","protected":false},"author":1,"featured_media":0,"parent":0,"menu_order":0,"comment_status":"closed","ping_status":"closed","template":"","meta":{"footnotes":""},"class_list":["post-2896","page","type-page","status-publish","hentry"],"_links":{"self":[{"href":"https:\/\/www.notredamelacouronne.fr\/news\/wp-json\/wp\/v2\/pages\/2896","targetHints":{"allow":["GET"]}}],"collection":[{"href":"https:\/\/www.notredamelacouronne.fr\/news\/wp-json\/wp\/v2\/pages"}],"about":[{"href":"https:\/\/www.notredamelacouronne.fr\/news\/wp-json\/wp\/v2\/types\/page"}],"author":[{"embeddable":true,"href":"https:\/\/www.notredamelacouronne.fr\/news\/wp-json\/wp\/v2\/users\/1"}],"replies":[{"embeddable":true,"href":"https:\/\/www.notredamelacouronne.fr\/news\/wp-json\/wp\/v2\/comments?post=2896"}],"version-history":[{"count":18,"href":"https:\/\/www.notredamelacouronne.fr\/news\/wp-json\/wp\/v2\/pages\/2896\/revisions"}],"predecessor-version":[{"id":7416,"href":"https:\/\/www.notredamelacouronne.fr\/news\/wp-json\/wp\/v2\/pages\/2896\/revisions\/7416"}],"wp:attachment":[{"href":"https:\/\/www.notredamelacouronne.fr\/news\/wp-json\/wp\/v2\/media?parent=2896"}],"curies":[{"name":"wp","href":"https:\/\/api.w.org\/{rel}","templated":true}]}}

<p><img loading="lazy" decoding="async" class=" wp-image-7379 alignright" src="https://www.notredamelacouronne.fr/news/wp-content/uploads/2023/05/hello.jpg" alt="" width="138" height="125" /></p>
<p><span style="font-family: Arial, Helvetica, sans-serif;"><span style="color: #008000;"><strong>D</strong></span>ans notre classe, la journée commence par un moment d’accueil pendant lequel notre maitresse, Mme Cabirol, nous parle en anglais.</span></p>
<p><span style="font-family: Arial, Helvetica, sans-serif;"><span style="color: #800080;"><strong>P</strong></span>uis arrive l’heure d’un autre rituel : quelques exercices de révision en calcul ou en conjugaison.</span></p>
<p><span style="font-family: Arial, Helvetica, sans-serif;"><span style="color: #3366ff;"><strong>C</strong></span>haque matin, nous travaillons ensuite sur nos cahiers d’essais ou sur nos cahiers du jour. Nous avons aussi un cahier d’orthographe réservé aux dictées flash et à nos autodictées. En français, nous utilisons le manuel d’entrainement Cléo, parallèlement à nos leçons numériques du Jocastore. En mathématiques, nous suivons la méthode TOTEM qui nous aide à maitriser l’ensemble des notions au programme.</span></p>
<p><span style="font-family: Arial, Helvetica, sans-serif;"><span style="color: #008000;"><strong><img loading="lazy" decoding="async" class=" wp-image-7380 alignleft" src="https://www.notredamelacouronne.fr/news/wp-content/uploads/2023/05/cleo.jpg" alt="" width="185" height="271" /><img loading="lazy" decoding="async" class=" wp-image-7381 alignright" src="https://www.notredamelacouronne.fr/news/wp-content/uploads/2023/05/mathCM1.jpg" alt="" width="185" height="268" />D</strong></span>eux fois par semaine, il y a un échange de service : notre future maitresse de CM2 vient dans notre classe nous enseigner la géométrie et les mesures.</span></p>
<p><span style="font-family: Arial, Helvetica, sans-serif;"><span style="color: #3366ff;"><strong>L</strong></span>’après-midi, place à la lecture, aux ateliers d’écriture et aux séances d’histoire, géographie, sciences ou encore à l’enseignement moral et civique.</span></p>
<p><span style="font-family: Arial, Helvetica, sans-serif;"><span style="color: #ff6600;"><strong>A</strong></span>u milieu de tout cela, maitresse nous propose souvent des moments de pause pendant lesquelles nous pratiquons le yoga. Cela nous permet de dissiper la fatigue, retrouver de l’énergie, et cela engendre la motivation !</span></p>
<p><span style="font-family: Arial, Helvetica, sans-serif;"><span style="color: #008000;"><strong><img loading="lazy" decoding="async" class=" wp-image-7382 alignright" src="https://www.notredamelacouronne.fr/news/wp-content/uploads/2023/05/bienEtreCM1.jpg" alt="" width="101" height="130" />P</strong></span>our notre bien-être, nous pratiquons aussi une méthode de méditation en mouvement « Silence, on bouge ! » ainsi que diverses activités physiques comme le basket, le mini-hockey, le football, la course, la zumba…</span></p>
<p><span style="font-family: Arial, Helvetica, sans-serif;"><span style="color: #800080;"><strong>P</strong></span>our apprendre à contrôler notre concentration en classe, nous participons chaque semaine au programme ATOLE, proposé par notre maitre spécialisé M. Ménard.</span></p>
<p><span style="font-family: Arial, Helvetica, sans-serif;"><span style="color: #993366;"><strong>Q</strong></span>uand nous avons terminé tout notre travail, nous avons accès à des fiches d’autonomie comme des sudokus, des mots mêlés, des coloriages codés, des jeux de nombres… Et nous pouvons lire des livres de notre coin bibliothèque ou du Rallye-Lecture proposé.</span></p>
<p><span style="font-family: Arial, Helvetica, sans-serif;"><span style="color: #3366ff;"><strong>E</strong></span>n fin d’année… place à la détente et à la bonne humeur, car nous préparons un spectacle pour notre kermesse, un moment très attendu !</span></p>
<p><img loading="lazy" decoding="async" class="size-medium wp-image-7383 aligncenter" src="https://www.notredamelacouronne.fr/news/wp-content/uploads/2023/05/kermesse-300x175.jpg" alt="" width="300" height="175" srcset="https://www.notredamelacouronne.fr/news/wp-content/uploads/2023/05/kermesse-300x175.jpg 300w, https://www.notredamelacouronne.fr/news/wp-content/uploads/2023/05/kermesse.jpg 371w" sizes="auto, (max-width: 300px) 100vw, 300px" /></p>
<p style="text-align: center; font-family: Arial, Helvetica, sans-serif;"><span style="color: #008000;"><strong>E</strong></span>t voilà notre salle de classe :</p>
<div style="text-align: center;">
<p><img loading="lazy" decoding="async" class="alignnone wp-image-4406" src="https://www.notredamelacouronne.fr/news/wp-content/uploads/2019/01/Classe-CM1-2-300x225.jpg" alt="" width="360" height="270" srcset="https://www.notredamelacouronne.fr/news/wp-content/uploads/2019/01/Classe-CM1-2-300x225.jpg 300w, https://www.notredamelacouronne.fr/news/wp-content/uploads/2019/01/Classe-CM1-2.jpg 600w" sizes="auto, (max-width: 360px) 100vw, 360px" /></p>
<p><img loading="lazy" decoding="async" class="alignnone wp-image-4405" src="https://www.notredamelacouronne.fr/news/wp-content/uploads/2019/01/CM1-300x225.jpg" alt="" width="360" height="270" srcset="https://www.notredamelacouronne.fr/news/wp-content/uploads/2019/01/CM1-300x225.jpg 300w, https://www.notredamelacouronne.fr/news/wp-content/uploads/2019/01/CM1.jpg 600w" sizes="auto, (max-width: 360px) 100vw, 360px" /></p>
<p><img loading="lazy" decoding="async" class="alignnone wp-image-4404" src="https://www.notredamelacouronne.fr/news/wp-content/uploads/2019/01/Classe-CM1-300x225.jpg" alt="" width="360" height="270" srcset="https://www.notredamelacouronne.fr/news/wp-content/uploads/2019/01/Classe-CM1-300x225.jpg 300w, https://www.notredamelacouronne.fr/news/wp-content/uploads/2019/01/Classe-CM1.jpg 600w" sizes="auto, (max-width: 360px) 100vw, 360px" /></p>
</div>
