{"id":2893,"date":"2017-03-05T21:36:48","date_gmt":"2017-03-05T20:36:48","guid":{"rendered":"http:\/\/www.notredamelacouronne.fr\/news\/?page_id=2893"},"modified":"2023-06-01T12:42:24","modified_gmt":"2023-06-01T11:42:24","slug":"classe-ce2-5","status":"publish","type":"page","link":"https:\/\/www.notredamelacouronne.fr\/news\/classe-ce2-5\/","title":{"rendered":"Classe CE2"},"content":{"rendered":"<p><img loading=\"lazy\" decoding=\"async\" class=\"alignnone size-large wp-image-4402\" src=\"https:\/\/www.notredamelacouronne.fr\/news\/wp-content\/uploads\/2019\/01\/Classe-CE2-3-300x225.jpg\" alt=\"\" width=\"300\" height=\"225\" srcset=\"https:\/\/www.notredamelacouronne.fr\/news\/wp-content\/uploads\/2019\/01\/Classe-CE2-3-300x225.jpg 300w, https:\/\/www.notredamelacouronne.fr\/news\/wp-content\/uploads\/2019\/01\/Classe-CE2-3.jpg 600w\" sizes=\"auto, (max-width: 300px) 100vw, 300px\" \/>\u00a0<img loading=\"lazy\" decoding=\"async\" class=\"alignnone size-large wp-image-4401\" src=\"https:\/\/www.notredamelacouronne.fr\/news\/wp-content\/uploads\/2019\/01\/Classe-CE2-2-300x225.jpg\" alt=\"\" width=\"300\" height=\"225\" srcset=\"https:\/\/www.notredamelacouronne.fr\/news\/wp-content\/uploads\/2019\/01\/Classe-CE2-2-300x225.jpg 300w, https:\/\/www.notredamelacouronne.fr\/news\/wp-content\/uploads\/2019\/01\/Classe-CE2-2.jpg 600w\" sizes=\"auto, (max-width: 300px) 100vw, 300px\" \/><\/p>\n<p><img loading=\"lazy\" decoding=\"async\" class=\"alignnone size-large wp-image-4400\" src=\"https:\/\/www.notredamelacouronne.fr\/news\/wp-content\/uploads\/2019\/01\/CE2-bureau-enseignante-300x225.jpg\" alt=\"\" width=\"300\" height=\"225\" srcset=\"https:\/\/www.notredamelacouronne.fr\/news\/wp-content\/uploads\/2019\/01\/CE2-bureau-enseignante-300x225.jpg 300w, https:\/\/www.notredamelacouronne.fr\/news\/wp-content\/uploads\/2019\/01\/CE2-bureau-enseignante.jpg 600w\" sizes=\"auto, (max-width: 300px) 100vw, 300px\" \/>\u00a0<img loading=\"lazy\" decoding=\"async\" class=\"alignnone size-large wp-image-4399\" src=\"https:\/\/www.notredamelacouronne.fr\/news\/wp-content\/uploads\/2019\/01\/CE2-Biblioth\u00e8que-300x225.jpg\" alt=\"\" width=\"300\" height=\"225\" srcset=\"https:\/\/www.notredamelacouronne.fr\/news\/wp-content\/uploads\/2019\/01\/CE2-Biblioth\u00e8que-300x225.jpg 300w, https:\/\/www.notredamelacouronne.fr\/news\/wp-content\/uploads\/2019\/01\/CE2-Biblioth\u00e8que.jpg 600w\" sizes=\"auto, (max-width: 300px) 100vw, 300px\" \/><\/p>\n<p><img loading=\"lazy\" decoding=\"async\" class=\"alignnone size-large wp-image-4398\" src=\"https:\/\/www.notredamelacouronne.fr\/news\/wp-content\/uploads\/2019\/01\/Classe-CE2-300x225.jpg\" alt=\"\" width=\"300\" height=\"225\" srcset=\"https:\/\/www.notredamelacouronne.fr\/news\/wp-content\/uploads\/2019\/01\/Classe-CE2-300x225.jpg 300w, https:\/\/www.notredamelacouronne.fr\/news\/wp-content\/uploads\/2019\/01\/Classe-CE2.jpg 600w\" sizes=\"auto, (max-width: 300px) 100vw, 300px\" \/><\/p>\n<p>&nbsp;<\/p>\n<p>Notre maitresse s\u2019appelle\u00a0 Mme\u00a0 BARBIER.<\/p>\n<p>En \u00a0CE2 nous entamons\u00a0 notre derni\u00e8re ann\u00e9e du cycle 2 il a pour objectif de fixer les apprentissages premiers. Il sera valid\u00e9e par le socle commun en fin d&rsquo;ann\u00e9e,.<\/p>\n<p>Nous allons devoir apprendre \u00e0 structurer notre raisonnement, \u00e0 nous \u00a0concentrer et \u00e0 \u00eatre de plus en plus autonome.<\/p>\n<p>Le lundi matin, pour commencer la matin\u00e9e, il y a le \u00ab\u00a0<strong>Quoi de neuf<\/strong>\u00a0?\u00a0\u00bb . C&rsquo;est l&rsquo;occasion de partager avec les camarades un \u00e9v\u00e9nement du week-end. On prend la parole en grand groupe et on apprend aussi \u00e0 s\u2019\u00e9couter\u2026<\/p>\n<p>Les autres jours, il y a aussi les <strong>activit\u00e9s autonomes<\/strong>\u00a0:\u00a0 feuilleter un livre, le lire,\u00a0 terminer une activit\u00e9, un dessin\u2026<\/p>\n<p>En <strong>Fran\u00e7ais<\/strong>, nous continuons \u00e0 travailler avec les petits personnages rencontr\u00e9s en CE1\u2026<\/p>\n<p><img loading=\"lazy\" decoding=\"async\" class=\"alignnone size-full wp-image-3625\" src=\"https:\/\/www.notredamelacouronne.fr\/news\/wp-content\/uploads\/2018\/01\/ce2a.jpg\" alt=\"\" width=\"264\" height=\"179\" \/><\/p>\n<p>En <strong>Math\u00e9matiques<\/strong> nous utilisons Litchi\u2026.<\/p>\n<p><img loading=\"lazy\" decoding=\"async\" class=\"alignnone wp-image-3624\" src=\"https:\/\/www.notredamelacouronne.fr\/news\/wp-content\/uploads\/2018\/01\/Litchi-Mathematiques-CE2.jpg\" alt=\"\" width=\"286\" height=\"286\" srcset=\"https:\/\/www.notredamelacouronne.fr\/news\/wp-content\/uploads\/2018\/01\/Litchi-Mathematiques-CE2.jpg 340w, https:\/\/www.notredamelacouronne.fr\/news\/wp-content\/uploads\/2018\/01\/Litchi-Mathematiques-CE2-150x150.jpg 150w, https:\/\/www.notredamelacouronne.fr\/news\/wp-content\/uploads\/2018\/01\/Litchi-Mathematiques-CE2-300x300.jpg 300w\" sizes=\"auto, (max-width: 286px) 100vw, 286px\" \/><\/p>\n<p><span style=\"color: #3366ff;\">Nous aimons particuli\u00e8rement<\/span> le rallye lecture diff\u00e9rent pour chaque p\u00e9riode qui se veut \u00eatre v\u00e9ritable challenge o\u00f9 chacun peut r\u00e9ussir \u00e0 son niveau\u2026<\/p>\n<p><img loading=\"lazy\" decoding=\"async\" class=\"alignnone size-full wp-image-3623\" src=\"https:\/\/www.notredamelacouronne.fr\/news\/wp-content\/uploads\/2018\/01\/ce2b.jpg\" alt=\"\" width=\"403\" height=\"288\" srcset=\"https:\/\/www.notredamelacouronne.fr\/news\/wp-content\/uploads\/2018\/01\/ce2b.jpg 403w, https:\/\/www.notredamelacouronne.fr\/news\/wp-content\/uploads\/2018\/01\/ce2b-300x214.jpg 300w\" sizes=\"auto, (max-width: 403px) 100vw, 403px\" \/><\/p>\n<p>Des <strong>activit\u00e9s d\u2019autonomie<\/strong> sont propos\u00e9es pour les \u00e9l\u00e8ves parmi nous les plus rapides mais aussi r\u00e9guli\u00e8rement une fois par semaine pour toute la classe. Ainsi, on peut choisir son activit\u00e9 (logico, mots m\u00eal\u00e9s, mots crois\u00e9s, reproduction sur quadrillage \u00a0\u2026).<\/p>\n<p>Il ne faut pas oublier \u00ab\u00a0<strong>Questionner le monde<\/strong>\u00a0\u00bb, les <strong>activit\u00e9s sportives<\/strong>, les <strong>arts<\/strong>, l\u2019<strong>anglais<\/strong>, l\u2019<strong>informatique<\/strong>\u2026<\/p>\n<p>Ce que nous attendons avec impatience c&rsquo;est le mois d&rsquo;avril, car nous allons partir en <strong>classe transplant\u00e9e<\/strong>. Cette ann\u00e9e destination <strong>l\u2019ile d\u2019Ol\u00e9ron!!!<\/strong><\/p>\n<p>Et en juin avant de partir en vacances, n\u2019oublions pas la kermesse\u00a0et l&rsquo;anniversaire de notre \u00e9cole presque toute neuve en se faisant\u00a0 une beaut\u00e9 pour f\u00eater ses 50 ans!!!<\/p>\n","protected":false},"excerpt":{"rendered":"<p>_<\/p>\n","protected":false},"author":1,"featured_media":0,"parent":0,"menu_order":0,"comment_status":"closed","ping_status":"closed","template":"","meta":{"footnotes":""},"class_list":["post-2893","page","type-page","status-publish","hentry"],"_links":{"self":[{"href":"https:\/\/www.notredamelacouronne.fr\/news\/wp-json\/wp\/v2\/pages\/2893","targetHints":{"allow":["GET"]}}],"collection":[{"href":"https:\/\/www.notredamelacouronne.fr\/news\/wp-json\/wp\/v2\/pages"}],"about":[{"href":"https:\/\/www.notredamelacouronne.fr\/news\/wp-json\/wp\/v2\/types\/page"}],"author":[{"embeddable":true,"href":"https:\/\/www.notredamelacouronne.fr\/news\/wp-json\/wp\/v2\/users\/1"}],"replies":[{"embeddable":true,"href":"https:\/\/www.notredamelacouronne.fr\/news\/wp-json\/wp\/v2\/comments?post=2893"}],"version-history":[{"count":1,"href":"https:\/\/www.notredamelacouronne.fr\/news\/wp-json\/wp\/v2\/pages\/2893\/revisions"}],"predecessor-version":[{"id":7407,"href":"https:\/\/www.notredamelacouronne.fr\/news\/wp-json\/wp\/v2\/pages\/2893\/revisions\/7407"}],"wp:attachment":[{"href":"https:\/\/www.notredamelacouronne.fr\/news\/wp-json\/wp\/v2\/media?parent=2893"}],"curies":[{"name":"wp","href":"https:\/\/api.w.org\/{rel}","templated":true}]}}

<p><img loading="lazy" decoding="async" class="alignnone size-large wp-image-4402" src="https://www.notredamelacouronne.fr/news/wp-content/uploads/2019/01/Classe-CE2-3-300x225.jpg" alt="" width="300" height="225" srcset="https://www.notredamelacouronne.fr/news/wp-content/uploads/2019/01/Classe-CE2-3-300x225.jpg 300w, https://www.notredamelacouronne.fr/news/wp-content/uploads/2019/01/Classe-CE2-3.jpg 600w" sizes="auto, (max-width: 300px) 100vw, 300px" /> <img loading="lazy" decoding="async" class="alignnone size-large wp-image-4401" src="https://www.notredamelacouronne.fr/news/wp-content/uploads/2019/01/Classe-CE2-2-300x225.jpg" alt="" width="300" height="225" srcset="https://www.notredamelacouronne.fr/news/wp-content/uploads/2019/01/Classe-CE2-2-300x225.jpg 300w, https://www.notredamelacouronne.fr/news/wp-content/uploads/2019/01/Classe-CE2-2.jpg 600w" sizes="auto, (max-width: 300px) 100vw, 300px" /></p>
<p><img loading="lazy" decoding="async" class="alignnone size-large wp-image-4400" src="https://www.notredamelacouronne.fr/news/wp-content/uploads/2019/01/CE2-bureau-enseignante-300x225.jpg" alt="" width="300" height="225" srcset="https://www.notredamelacouronne.fr/news/wp-content/uploads/2019/01/CE2-bureau-enseignante-300x225.jpg 300w, https://www.notredamelacouronne.fr/news/wp-content/uploads/2019/01/CE2-bureau-enseignante.jpg 600w" sizes="auto, (max-width: 300px) 100vw, 300px" /> <img loading="lazy" decoding="async" class="alignnone size-large wp-image-4399" src="https://www.notredamelacouronne.fr/news/wp-content/uploads/2019/01/CE2-Bibliothèque-300x225.jpg" alt="" width="300" height="225" srcset="https://www.notredamelacouronne.fr/news/wp-content/uploads/2019/01/CE2-Bibliothèque-300x225.jpg 300w, https://www.notredamelacouronne.fr/news/wp-content/uploads/2019/01/CE2-Bibliothèque.jpg 600w" sizes="auto, (max-width: 300px) 100vw, 300px" /></p>
<p><img loading="lazy" decoding="async" class="alignnone size-large wp-image-4398" src="https://www.notredamelacouronne.fr/news/wp-content/uploads/2019/01/Classe-CE2-300x225.jpg" alt="" width="300" height="225" srcset="https://www.notredamelacouronne.fr/news/wp-content/uploads/2019/01/Classe-CE2-300x225.jpg 300w, https://www.notredamelacouronne.fr/news/wp-content/uploads/2019/01/Classe-CE2.jpg 600w" sizes="auto, (max-width: 300px) 100vw, 300px" /></p>
<p>&nbsp;</p>
<p>Notre maitresse s’appelle  Mme  BARBIER.</p>
<p>En  CE2 nous entamons  notre dernière année du cycle 2 il a pour objectif de fixer les apprentissages premiers. Il sera validée par le socle commun en fin d&rsquo;année,.</p>
<p>Nous allons devoir apprendre à structurer notre raisonnement, à nous  concentrer et à être de plus en plus autonome.</p>
<p>Le lundi matin, pour commencer la matinée, il y a le « <strong>Quoi de neuf</strong> ? » . C&rsquo;est l&rsquo;occasion de partager avec les camarades un événement du week-end. On prend la parole en grand groupe et on apprend aussi à s’écouter…</p>
<p>Les autres jours, il y a aussi les <strong>activités autonomes</strong> :  feuilleter un livre, le lire,  terminer une activité, un dessin…</p>
<p>En <strong>Français</strong>, nous continuons à travailler avec les petits personnages rencontrés en CE1…</p>
<p><img loading="lazy" decoding="async" class="alignnone size-full wp-image-3625" src="https://www.notredamelacouronne.fr/news/wp-content/uploads/2018/01/ce2a.jpg" alt="" width="264" height="179" /></p>
<p>En <strong>Mathématiques</strong> nous utilisons Litchi….</p>
<p><img loading="lazy" decoding="async" class="alignnone wp-image-3624" src="https://www.notredamelacouronne.fr/news/wp-content/uploads/2018/01/Litchi-Mathematiques-CE2.jpg" alt="" width="286" height="286" srcset="https://www.notredamelacouronne.fr/news/wp-content/uploads/2018/01/Litchi-Mathematiques-CE2.jpg 340w, https://www.notredamelacouronne.fr/news/wp-content/uploads/2018/01/Litchi-Mathematiques-CE2-150x150.jpg 150w, https://www.notredamelacouronne.fr/news/wp-content/uploads/2018/01/Litchi-Mathematiques-CE2-300x300.jpg 300w" sizes="auto, (max-width: 286px) 100vw, 286px" /></p>
<p><span style="color: #3366ff;">Nous aimons particulièrement</span> le rallye lecture différent pour chaque période qui se veut être véritable challenge où chacun peut réussir à son niveau…</p>
<p><img loading="lazy" decoding="async" class="alignnone size-full wp-image-3623" src="https://www.notredamelacouronne.fr/news/wp-content/uploads/2018/01/ce2b.jpg" alt="" width="403" height="288" srcset="https://www.notredamelacouronne.fr/news/wp-content/uploads/2018/01/ce2b.jpg 403w, https://www.notredamelacouronne.fr/news/wp-content/uploads/2018/01/ce2b-300x214.jpg 300w" sizes="auto, (max-width: 403px) 100vw, 403px" /></p>
<p>Des <strong>activités d’autonomie</strong> sont proposées pour les élèves parmi nous les plus rapides mais aussi régulièrement une fois par semaine pour toute la classe. Ainsi, on peut choisir son activité (logico, mots mêlés, mots croisés, reproduction sur quadrillage  …).</p>
<p>Il ne faut pas oublier « <strong>Questionner le monde</strong> », les <strong>activités sportives</strong>, les <strong>arts</strong>, l’<strong>anglais</strong>, l’<strong>informatique</strong>…</p>
<p>Ce que nous attendons avec impatience c&rsquo;est le mois d&rsquo;avril, car nous allons partir en <strong>classe transplantée</strong>. Cette année destination <strong>l’ile d’Oléron!!!</strong></p>
<p>Et en juin avant de partir en vacances, n’oublions pas la kermesse et l&rsquo;anniversaire de notre école presque toute neuve en se faisant  une beauté pour fêter ses 50 ans!!!</p>
